at are the prime factors of 36622?
2, 18311
List the prime factors of 3895055.
5, 779011
What are the prime factors of 14192808?
2, 3, 7, 84481
What are the prime factors of 1905702?
2, 3, 317617
What are the prime factors of 24707914?
2, 7, 11, 160441
What are the prime factors of 2803249?
17, 269, 613
List the prime factors of 2847631.
37, 76963
List the prime factors of 438743.
31, 14153
What are the prime factors of 274566?
2, 3, 67, 683
List the prime factors of 149265.
3, 5, 31, 107
What are the prime factors of 21048?
2, 3, 877
List the prime factors of 22979.
11, 2089
What are the prime factors of 130090?
2, 5, 13009
What are the prime factors of 15082831?
2927, 5153
List the prime factors of 21755014.
2, 10877507
List the prime factors of 965805.
3, 5, 31, 67
List the prime factors of 669799.
13, 67, 769
What are the prime factors of 6631522?
2, 3315761
List the prime factors of 5978733.
3, 1992911
What are the prime factors of 185272?
2, 23159
What are the prime factors of 441987?
3, 7, 13, 1619
What are the prime factors of 386055?
3, 5, 23, 373
List the prime factors of 4529118.
2, 3, 11, 163, 421
What are the prime factors of 1170510?
2, 3, 5, 11, 3547
What are the prime factors of 6247337?
31, 137, 1471
List the prime factors of 28902334.
2, 809, 17863
List the prime factors of 11192131.
239, 46829
What are the prime factors of 10592283?
3, 13, 271597
What are the prime factors of 178860?
2, 3, 5, 11, 271
What are the prime factors of 16578301?
16578301
What are the prime factors of 9380704?
2, 293147
What are the prime factors of 107887?
13, 43, 193
What are the prime factors of 199453?
199453
What are the prime factors of 122648?
2, 15331
What are the prime factors of 207131?
43, 4817
List the prime factors of 4689252.
2, 3, 41, 353
List the prime factors of 297171.
3, 7, 53, 89
What are the prime factors of 530488?
2, 7, 9473
List the prime factors of 2837.
2837
What are the prime factors of 295366?
2, 23, 6421
List the prime factors of 51589.
23, 2243
What are the prime factors of 8837658?
2, 3, 23, 21347
What are the prime factors of 133582?
2, 66791
List the prime factors of 182340.
2, 3, 5, 1013
List the prime factors of 8595793.
8595793
What are the prime factors of 120355?
5, 24071
What are the prime factors of 34867320?
2, 3, 5, 37, 7853
List the prime factors of 8151495.
3, 5, 11, 127, 389
What are the prime factors of 248193?
3, 11, 23, 109
What are the prime factors of 381196?
2, 157, 607
List the prime factors of 3234162.
2, 3, 41, 13147
List the prime factors of 12009998.
2, 7, 11, 13, 857
What are the prime factors of 581820?
2, 3, 5, 9697
List the prime factors of 1732535.
5, 7, 59, 839
List the prime factors of 645991.
59, 10949
List the prime factors of 106303.
106303
What are the prime factors of 8199964?
2, 2049991
List the prime factors of 4088672.
2, 7, 18253
What are the prime factors of 74659?
13, 5743
What are the prime factors of 57486?
2, 3, 11, 13, 67
List the prime factors of 15326988.
2, 3, 1277249
List the prime factors of 8547876.
2, 3, 79147
List the prime factors of 2859223.
31, 92233
What are the prime factors of 2476866?
2, 3, 7, 17, 3469
What are the prime factors of 1257175?
5, 50287
What are the prime factors of 253392?
2, 3, 5279
List the prime factors of 414309.
3, 7, 109, 181
What are the prime factors of 278642?
2, 7, 13, 1531
List the prime factors of 25539.
3, 8513
What are the prime factors of 2817097?
599, 4703
List the prime factors of 57271.
57271
List the prime factors of 2908460.
2, 5, 145423
List the prime factors of 1650922.
2, 7, 13, 47, 193
List the prime factors of 2572393.
2572393
What are the prime factors of 3834093?
3, 1278031
List the prime factors of 10877511.
3, 73, 49669
List the prime factors of 36913620.
2, 3, 5, 23, 1163
List the prime factors of 329188.
2, 17, 47, 103
What are the prime factors of 842777?
13, 241, 269
What are the prime factors of 7226524?
2, 1806631
List the prime factors of 10048926.
2, 3, 1674821
List the prime factors of 435500.
2, 5, 13, 67
List the prime factors of 13866220.
2, 5, 17, 2399
List the prime factors of 1176017.
53, 22189
What are the prime factors of 231409?
231409
What are the prime factors of 10806?
2, 3, 1801
List the prime factors of 140311.
193, 727
List the prime factors of 329439.
3, 11, 67, 149
List the prime factors of 25030304.
2, 13, 60169
List the prime factors of 5907794.
2, 31, 95287
List the prime factors of 193708.
2, 79, 613
List the prime factors of 5139311.
61, 173, 487
What are the prime factors of 248142?
2, 3, 41357
List the prime factors of 2749343.
2749343
List the prime factors of 29765112.
2, 3, 13, 95401
What are the prime factors of 1128197?
7, 41, 3931
List the prime factors of 435792.
2, 3, 7, 1297
List the prime factors of 396599.
7, 53, 1069
What are the prime factors of 279832?
2, 7, 19, 263
What are the prime factors of 1911407?
83, 23029
What are the prime factors of 1554794?
2, 43, 101, 179
What are the prime factors of 20040687?
3, 19, 163, 719
What are the prime factors of 5104000?
2, 5, 11, 29
List the prime factors of 18360699.
3, 7, 43, 20333
What are the prime factors of 1450010?
2, 5, 83, 1747
What are the prime factors of 625920?
2, 3, 5, 163
List the prime factors of 732373.
732373
What are the prime factors of 9109819?
1511, 6029
List the prime factors of 440152.
2, 37, 1487
What are the prime factors of 169246?
2, 7, 11, 157
List the prime factors of 532835.
5, 61, 1747
What are the prime factors of 13469?
13469
What are the prime factors of 318553?
157, 2029
List the prime factors of 15646716.
2, 3, 23, 6299
List the prime factors of 1418067.
3, 7, 41, 61
What are the prime factors of 1206291?
3, 19, 21163
What are the prime factors of 190675?
5, 29, 263
What are the prime factors of 1070440?
2, 5, 7, 3823
List the prime factors of 101230.
2, 5, 53, 191
List the prime factors of 4359541.
29, 150329
List the prime factors of 16134263.
16134263
What are the prime factors of 209166?
2, 3, 71, 491
List the prime factors of 1050116.
2, 83, 3163
What are the prime factors of 958570?
2, 5, 95857
What are the prime factors of 175614?
2, 3, 29269
What are the prime factors of 12374911?
1873, 6607
What are the prime factors of 3053491?
7, 509, 857
List the prime factors of 6760817.
7, 103, 9377
List the prime factors of 650055.
3, 5, 7, 41, 151
What are the prime factors of 21311216?
2, 1331951
List the prime factors of 25947024.
2, 3, 241, 2243
List the prime factors of 829324.
2, 207331
List the prime factors of 7152.
2, 3, 149
List the prime factors of 703972.
2, 175993
What are the prime factors of 797896?
2, 11, 9067
What are the prime factors of 179940?
2, 3, 5, 2999
What are the prime factors of 8801109?
3, 233, 1399
List the prime factors of 1784.
2, 223
What are the prime factors of 4401997?
17, 29, 8929
List the prime factors of 1327506.
2, 3, 221251
List the prime factors of 7344639.
3, 691, 1181
What are the prime factors of 20303042?
2, 10151521
What are the prime factors of 89846?
2, 167, 269
List the prime factors of 371562.
2, 3, 61927
List the prime factors of 19650205.
5, 173, 22717
List the prime factors of 190984.
2, 23873
What are the prime factors of 5189867?
991, 5237
What are the prime factors of 4962208?
2, 155069
List the prime factors of 1510934.
2, 43, 17569
What are the prime factors of 850245?
3, 5, 11, 5153
List the prime factors of 10125727.
17, 19, 23, 29, 47
List the prime factors of 1554707.
7, 11, 61, 331
List the prime factors of 1075923.
3, 37, 359
List the prime factors of 147597.
3, 49199
What are the prime factors of 30935766?
2, 3, 5155961
List the prime factors of 4726659.
3, 7, 225079
List the prime factors of 471615.
3, 5, 23, 1367
List the prime factors of 28656978.
2, 3, 7, 19, 35911
What are the prime factors of 503456?
2, 15733
List the prime factors of 6545519.
19, 59, 5839
List the prime factors of 5683993.
7, 137, 5927
List the prime factors of 861691.
861691
What are the prime factors of 606735?
3, 5, 97, 139
List the prime factors of 4376790.
2, 3, 5, 11, 4421
What are the prime factors of 193684?
2, 41, 1181
What are the prime factors of 27521?
13, 29, 73
List the prime factors of 1338614.
2, 17, 39371
What are the prime factors o